inder when q is divided by 141.
139
Let f be -5*(-4)/10*(-890)/(-20). Suppose 4*p = 311 + f. Suppose -2*m + p = -0*m. Calculate the remainder when m is divided by 17.
16
Suppose -18*j = -21*j + 15. Suppose 0*o - 2*o = p - 4, 2*p = -j*o + 5. Calculate the remainder when 19 is divided by p.
9
Let d(x) = -5*x**2 + 7*x + 22. Let u be d(7). Let g = u - -192. Calculate the remainder when 95 is divided by g.
5
Calculate the remainder when 798 is divided by 34*(-4)/(-144)*18.
16
Suppose -5*d = -2*d - 804. Let x = d + -237. Calculate the remainder when x is divided by 17.
14
Suppose a - 6*a + 240 = 0. Suppose -4*u + l + 30 = 0, -75 = -3*u + 4*l - 46. What is the remainder when a is divided by u?
6
Let j = 286 + -195. Calculate the remainder when 0 - 7 - 195/(-10)*14 is divided by j.
84
Let i = -399 - -365. What is the remainder when 253 is divided by i*((-7)/14 - 0)?
15
Let n be (4 - 15/5)/(8/240). Suppose -n = 2*y - 304. Calculate the remainder when y is divided by 7.
4
Let c(j) = 10*j - 102. Let r be c(10). Suppose 0 = 5*s - 40 - 0. What is the remainder when 593/4 + r/s is divided by 25?
23
Let y(o) = -3*o**3 + 23*o**2 + 2*o + 3. What is the remainder when 267 is divided by y(7)?
37
Suppose 0 = 4*p + 2*s - 112, 69*s - 64*s = -10. Calculate the remainder when 421 is divided by p.
15
Suppose -w = -35 - 44. Let q(g) = -g**2 + 7*g + 9. Let h be q(12). Let a = -11 - h. Calculate the remainder when w is divided by a.
39
Suppose 51 = u + 5*z, 0 = -3*u - 79*z + 81*z + 153. Suppose p = 3*p - 3360. Calculate the remainder when p is divided by u.
48
Let j be (3 - 5)/(2/44). Let q = 73 + j. Calculate the remainder when q is divided by -3 - -5 - 63/(-9).
2
Calculate the remainder when 2720/560*(35 + -1 + 1) is divided by 153.
17
Suppose -s + 3*s + 608 = 0. Let r be s/22 + 4/(-22). What is the remainder when 246/21 - (-2)/r*-2 is divided by 7?
5
Let g = 1448 - 1279. Calculate the remainder when g is divided by 26.
13
Let h(r) = -r**3 - 34*r**2 - 156*r - 69. Let t(f) = f**2 + 10*f + 7. Calculate the remainder when h(-29) is divided by t(-10).
5
Suppose 57*v - 78*v - 89*v + 10010 = 0. Calculate the remainder when v is divided by 15.
1
Let x(w) = -50*w + 2536. Calculate the remainder when x(43) is divided by 99.
89
Let u = 9633 + -9521. What is the remainder when 484 is divided by u?
36
Suppose -3*f - 11*f + 588 = 7*f. Let h = -114 + 279. What is the remainder when h is divided by f?
25
Suppose 5*i = 4*t - 28 + 11, -i = 3*t - 8. Suppose -t*o - 2*a + 12 + 5 = 0, -o - 5 = -2*a. Let w = 1218 + -1215. What is the remainder when w is divided by o?
0
Suppose -5*l + 5*a = -35, 0 = -20*l + 22*l + a - 11. Suppose -3*x + 190 = 3*b - 152, -l = 3*b. Calculate the remainder when x is divided by 30.
26
Suppose 5*w - 3*k + 5*k - 903 = 0, k + 345 = 2*w. What is the remainder when 364 is divided by w?
10
Suppose 3*h - 4*n + 3*n = 138, -2*n - 51 = -h. What is the remainder when 256/((-33)/44 - 33/(-12)) is divided by h?
38
Let k be 595 - -9 - (-6 + 2). Let b = 663 - k. Calculate the remainder when b is divided by 9.
1
Let v = 3 - 2. Let l = -5976 + 6007. Calculate the remainder when l is divided by 6 + v/((-1)/(-2)).
7
What is the remainder when 482 is divided by 30*6/270*(-1 - -4)?
0
Let g = -89 + 134. Let v be (-2)/6 - 705/g. What is the remainder when ((-445)/(-2) + 0)*v/(-20) is divided by 30?
28
Let o(r) = r**3 - r**2 - r + 4. Let f be o(0). Suppose -4*l = f*p - 1152, 4*l + p = -p + 1160. What is the remainder when l is divided by 59?
56
Suppose -14*t + 20*t = 222. Suppose t*c - 33*c = 40. Suppose n - 4*n + 117 = 0. Calculate the remainder when n is divided by c.
9
Let l(q) = -q**2 + 1. Let g be l(-1). Suppose 5*v - 2*r - 676 = g, 196 = -3*v + 4*r + 596. What is the remainder when v is divided by 5/15*(62 - (6 + -13))?
21
Suppose -736 + 112 = -24*f. What is the remainder when 35 is divided by f?
9
Let t(c) = -5*c**2 - c + 5. Let d be t(3). Let j = -36 - d. Suppose j*a + 18 = 9*a. Calculate the remainder when 69 is divided by a.
6
Let c(y) = y**3 - 41*y**2 + 11*y - 249. Calculate the remainder when c(41) is divided by 163.
39
Suppose -260*y + 736 = -257*y + 4*h, -2*y = h - 494. Calculate the remainder when y is divided by 50.
48
Let d = -4790 - -4803. Let l(y) = 2*y**2 + 9*y + 2. Let z be l(-6). Let s = z - d. Calculate the remainder when s is divided by 3.
1
Suppose -1766 = -4*f + 46. Suppose 251 + f = 8*u. What is the remainder when u is divided by 18?
16
Suppose -251 + 1811 = 8*w. Let n = w + -151. Calculate the remainder when 179 is divided by n.
3
Suppose 2*q + o - 583 = 0, -3*q + o = 6*o - 885. Let f = q + -226. Calculate the remainder when f is divided by 6.
4
Let z(f) = 160*f**2 + 3*f + 1. Let g = -35 - -55. Calculate the remainder when z(-1) is divided by g.
18
Let o(x) = -x**2 + 14*x - 38. Let q = 32 + -30. Suppose -48 = -q*j - l, -83 = -3*j - 3*l - 17. What is the remainder when j is divided by o(9)?
5
Suppose -10271 + 12427 = 14*a. Let m = -14 + 6. Calculate the remainder when a is divided by 130/(-15)*(m - -2).
50
Let g = 13 - 7. Let v be (1/(-3))/(4/(-48)). Suppose -5*z = x + 3*x - 259, -v*x = -4. Calculate the remainder when z is divided by g.
3
Suppose -57*j = -w - 46*j + 219, -2*w + 2*j = -338. Calculate the remainder when 260 is divided by w.
96
Let q = -25 - -18. Let c be 12/20 - q/5. Suppose -5*n = -3*l - 54 - 128, -n = -c*l - 35. Calculate the remainder when n is divided by 8.
5
Suppose -5 = 3*d + 5*z - 26, -27 = -3*d - 3*z. Suppose 6*n = -89 + 71. Calculate the remainder when 0 - n/d - (-167)/4 is divided by 11.
9
Suppose 151*n - 72 = 3898 + 3127. What is the remainder when 231 is divided by n?
43
Let w(k) = 165*k + 2. Let n be w(-1). Let c = 615 + n. Suppose -4*i - 48 = -c. What is the remainder when i is divided by 21?
17
Let p = 7722 - 7614. What is the remainder when 113 is divided by p?
5
Suppose 0 = 4*i + 24*g - 3120, -4*i + 3166 = 56*g - 55*g. What is the remainder when 1596 is divided by i?
12
Let v = -75 - -86. Suppose w = 2*n + v, 4*n + 2*w + 18 = -0*w. What is the remainder when ((3 - -1) + 1)/((-1)/n) is divided by 9?
7
Suppose 5*o - 333 = 2. Let b = -37 + o. What is the remainder when b is divided by 8?
6
Suppose -z = -2*g + 457, -3*z + 282 - 737 = -2*g. What is the remainder when 663 is divided by g?
205
Let o(r) = 6*r**2 + 4*r + 2. Let i = -92 - -91. Let t be o(i). Suppose -3*w - 2*w = -4*l - 17, 2*w - t*l = 2. What is the remainder when 16 is divided by w?
1
Suppose 4*x + 3*a - 220 = 6*a, -55 = -x + 2*a. Let t = 4145 + -4136. Calculate the remainder when x is divided by t.
1
Let m = 192 + -87. What is the remainder when 373 is divided by m?
58
Let w = -94 + 125. Suppose -2*d = 5*g + 65, 4*g + 3*d = -g - 60. Calculate the remainder when w is divided by (-6)/4*160/g.
15
Suppose 51 = -2*f + 57. Suppose 31 = f*a + 154. Let s = a + 46. What is the remainder when 9 is divided by s?
4
Suppose 208*l - 217*l = -2187. What is the remainder when l is divided by 81?
0
Let w = -476 - -567. What is the remainder when 168 is divided by w?
77
What is the remainder when (12/4)/((-2)/(-102)) is divided by (-10)/115 - (-12155)/391?
29
Calculate the remainder when (-294)/(-8) + 2/8 is divided by (-15)/15*(12 + -14)/(-2) + 12.
4
Let f = 89 - 93. Let x(o) = 6*o**2 + 12*o + 8. Let b be x(f). Suppose -99 - b = -5*n. Calculate the remainder when 119 is divided by n.
26
Suppose 0 = -18*b - 35*b + 1010 - 162. Calculate the remainder when 89 is divided by b.
9
Suppose -3*b + 3519 = 5*r + 307, -5*r - 1084 = -b. What is the remainder when b is divided by 15?
9
Let k(f) = -f**3 + 29*f**2 - 27*f - 12. Let l be k(28). Suppose -68*i + 66*i = -l. What is the remainder when 30 - 8/4*1 is divided by i?
4
What is the remainder when 26 is divided by ((72/32)/9)/(-1) - (-122)/8?
11
Suppose -120*s + 73652 - 4283 = -62631. What is the remainder when s is divided by 127?
84
Let w(p) = -24*p - 24. Let b be w(16). Let c = 446 + b. Let h(g) = 10*g**2 + 2*g - 2. What is the remainder when h(-4) is divided by c?
36
Let m = -427 + 441. Let f(x) = 11*x - 114. Suppose 5*d + 0*h - h - 51 = 0, -4*h - 6 = -2*d. Calculate the remainder when f(m) is divided by d.
7
Let m(l) = 2*l**2 + 34*l + 65. Let g be m(-15). Suppose -g = -19*o + 185. What is the remainder when 189 is divided by o?
9
Suppo